what is 78c25a - 2?
78c258
In base 13, what is 69662 - -56?
696b8
In base 9, what is -11643 - 435?
-12178
In base 4, what is 10 - -111303303213?
111303303223
In base 14, what is 19dd + -86?
1957
In base 15, what is -183 - -1602?
146e
In base 9, what is -1073504505 + -5?
-1073504511
In base 6, what is -5111 + 5425204?
5420053
In base 5, what is 221043124 + -11?
221043113
In base 4, what is 3021 - 123113?
-120032
In base 8, what is -22107717 - -3?
-22107714
In base 3, what is -102212221220 - 21112?
-102220020102
In base 6, what is 250504 - 3524?
242540
In base 15, what is -3c481 - -6a6?
-3bcca
In base 16, what is 1d01 - 633?
16ce
In base 5, what is 11 - -41303122?
41303133
In base 2, what is -1011101 + 11000000100010100?
11000000010110111
In base 6, what is 31 + 13533252?
13533323
In base 14, what is 39 - -157ccc?
157d27
In base 2, what is -100 - 10101000110001111100101?
-10101000110001111101001
In base 14, what is -145d39bc - -2?
-145d39ba
In base 7, what is 5 - -11415656?
11415664
In base 2, what is -100010 - -10110011?
10010001
In base 8, what is -1467171 + -121?
-1467312
In base 13, what is 42a - -4c4?
921
In base 3, what is 20211 + 2220102202?
2220200120
In base 14, what is 3b59c73 + 2?
3b59c75
In base 10, what is 30593984 + -1?
30593983
In base 15, what is -50 - -6593?
6543
In base 2, what is 11 + 1100011100110001010110?
1100011100110001011001
In base 8, what is 31642 - 306152?
-254310
In base 8, what is -177725 - 15327?
-215254
In base 7, what is -5 - -356250503?
356250465
In base 14, what is -2d5b04 - -68?
-2d5a7a
In base 3, what is 110220221020002012 - 2?
110220221020002010
In base 6, what is -3132554 - 5?
-3133003
In base 5, what is -2242014242141 - 1?
-2242014242142
In base 5, what is -30344 + 100210?
14311
In base 11, what is -17546652 + 1?
-17546651
In base 14, what is -1 - 29d04c?
-29d04d
In base 4, what is 3213233 + -2303212?
310021
In base 8, what is -546206115 - 2?
-546206117
In base 5, what is -43 + -22124200?
-22124243
In base 12, what is 19949 - 1122?
18827
In base 16, what is -41 + 1f45c8?
1f4587
In base 7, what is 3140 - -1656?
5126
In base 4, what is -11 + -321311222122?
-321311222133
In base 8, what is -3574 - -2052?
-1522
In base 3, what is -2121112 - -21210211?
12012022
In base 8, what is -170077767 + -13?
-170100002
In base 7, what is 20226 - 233465?
-213236
In base 11, what is 274 + -98275?
-98001
In base 13, what is -2822247 - 0?
-2822247
In base 16, what is 119acd4 - 5?
119accf
In base 3, what is -2120111122 - 112111?
-2121001010
In base 5, what is 232 + -231234322?
-231234040
In base 10, what is 5176022 + -2?
5176020
In base 8, what is 10370350 + 17?
10370367
In base 14, what is 931cd + -50?
9317d
In base 6, what is 31500530 - 2?
31500524
In base 4, what is 3 - 32000100131?
-32000100122
In base 2, what is 1101110000100001100111 - 100?
1101110000100001100011
In base 15, what is 3 - 1e968b7?
-1e968b4
In base 16, what is -1bfecbb + 3?
-1bfecb8
In base 6, what is 150051 - 11243?
134404
In base 6, what is -2042410030 - 3?
-2042410033
In base 15, what is -a90 + 38de7?
38357
In base 9, what is 1221 + -2548?
-1327
In base 5, what is 22101131210 - -11?
22101131221
In base 12, what is 0 + -2645b4?
-2645b4
In base 4, what is -301 + 1300033231?
1300032330
In base 3, what is 22000222 - -111120?
22112112
In base 6, what is -3 - -340141144?
340141141
In base 5, what is -100 - -12043224?
12043124
In base 15, what is -10d9 - 1891?
-297a
In base 9, what is -1867626 - 21?
-1867647
In base 15, what is ed2 + 387?
1369
In base 6, what is 3 - 2120034020?
-2120034013
In base 15, what is 501769 - 7?
501762
In base 12, what is 11931931 + -4?
11931929
In base 12, what is 0 + a23aa32?
a23aa32
In base 16, what is -14b3 - -c0?
-13f3
In base 4, what is 10333 - 312132331?
-312121332
In base 11, what is -1907148 + 171?
-1906a87
In base 13, what is -1 + c3cca?
c3cc9
In base 16, what is 1af4a077 - -2?
1af4a079
In base 3, what is 1011210102 - -1221210?
1020202012
In base 7, what is -13 + 136062?
136046
In base 8, what is 2057 + -14573?
-12514
In base 7, what is -104044616 - 2?
-104044621
In base 7, what is -664141052 + -4?
-664141056
In base 10, what is 97 - -116190?
116287
In base 12, what is 48143 + 4a?
48191
In base 3, what is -121201212210020 + -2?
-121201212210022
In base 7, what is 1 + 541003?
541004
In base 9, what is -2 - -160808184?
160808182
In base 8, what is -5 - 7142227?
-7142234
In base 13, what is -3b + -143608?
-143646
In base 9, what is 3806787 - -3?
3806801
In base 4, what is 10033131 - 1232332?
2200133
In base 2, what is -10010011111101110010010001000 + 11?
-10010011111101110010010000101
In base 7, what is -40331203 - -223?
-40330650
In base 12, what is 536b61 - -26?
536b87
In base 2, what is -11000100010100011001001 - 10100?
-11000100010100011011101
In base 13, what is -53a9 + c1?
-52b8
In base 7, what is -3 + -2054321505?
-2054321511
In base 2, what is 101010000100111010 - -100011101?
101010001001010111
In base 10, what is -104721737 - -1?
-104721736
In base 15, what is -166 + 253b2?
2524b
In base 15, what is -722de00 - 3?
-722de03
In base 5, what is 3 - -44342120?
44342123
In base 5, what is 1112400 - 2241?
1110104
In base 12, what is -5 + -8954bb2?
-8954bb7
In base 7, what is -330 + -10421?
-11051
In base 13, what is 88 - 7894b0?
-789425
In base 3, what is -12220021101 - -212?
-12220020112
In base 10, what is 245714 - 46?
245668
In base 2, what is -100101001100011000001 - 1010000?
-100101001100100010001
In base 7, what is -416632 + 52?
-416550
In base 9, what is 707745 - -1152?
710007
In base 11, what is aaa2 - -410?
10402
In base 8, what is -147 - -474176?
474027
In base 7, what is -3325 + 13661?
10333
In base 2, what is -1101001 + -110010101000100010010?
-110010101000101111011
In base 12, what is 72a63 + -761?
72302
In base 14, what is ada - -2bd1b?
2ca17
In base 6, what is -2310531141 + 5?
-2310531132
In base 5, what is 2 - 134424433?
-134424431
In base 2, what is -1001100100 - -100001110011000011?
100001101001011111
In base 8, what is -3 + 75403532?
75403527
In base 10, what is -3956 + -47812?
-51768
In base 2, what is -11110 - 11001011110011000111010?
-11001011110011001011000
In base 4, what is 130 - 221323333232?
-221323333102
In base 9, what is -3 - 25461532?
-25461535
In base 5, what is -1033003424324 - -10?
-1033003424314
In base 4, what is 1123022 + -32331?
1030031
In base 9, what is -47 + 1873480?
1873432
In base 10, what is -183594 + -1127?
-184721
In base 12, what is -4 - -1365577?
1365573
In base 15, what is 4 + -c6bc8?
-c6bc4
In base 16, what is 549 + 34d0d?
35256
In base 9, what is 30684 + -30787?
-103
In base 11, what is 1007 + -49a26?
-48a1a
In base 2, what is 11001000000110 + -1111111100?
10111000001010
In base 10, what is -3 - -1563174?
1563171
In base 5, what is 4143123314 - -10?
4143123324
In base 9, what is 74815 + 13?
74828
In base 6, what is 1044532150 + -1?
1044532145
In base 3, what is 10112011122110022 + -2?
10112011122110020
In base 6, what is -102305430 - 3150?
-102313020
In base 14, what is -4bb895 + 71?
-4bb824
In base 8, what is -2 + -36744432?
-36744434
In base 3, what is -10202001211112111 + 20?
-10202001211112021
In base 8, what is -5 - -240714566?
240714561
In base 9, what is 1 + -26317316?
-26317315
In base 10, what is 25823810 + 4?
25823814
In base 14, what is -6cb19 + 17?
-6cb02
In base 15, what is -38c6b - -73?
-38be8
In base 4, what is 30 - 220203031?
-220203001
In base 9, what is 1 + 6332820?
6332821
In base 6, what is -135335 + -4224?
-144003
In base 9, what is -1675113 - 3?
-1675116
In base 11, what is 13985103 - 5?
139850a9
In base 6, what is -10 + 1312032355?
1312032345
In base 16, what is 32a0900 + 0?
32a0900
In base 2, what is 1010100010110100000010100 + -100000?
1010100010110011111110100
In base 10, what is -240179 + 41?
-240138
In base 4, what is -10012212 - -13202?
-3333010
In base 15, what is -314 - e7742?
-e7a56
In base 10, what is -2 + 82227?
82225
In base 7, what is -22 - -32406463?
32406441
In base 15, what is bc - -5c9c27?
5c9ce4
In base 8, what is -4 + -41365525?
-41365531
In base 6, what is 53132 + 1111500?
1205032
In base 8, what is 157 - 3403016?
-3402637
In base 13, what is 3a0 - -23155?
23525
In base 7, what is -116666206 - -22?
-116666154
In base 4, what is -